 greatest common factor of y and 248?
8
Let k be ((-110)/33*7)/(4/6). Let d be (180/k)/((-9)/294). Calculate the highest common factor of 7 and d.
7
Let k be 72*((-2)/(-3) + 1). Let n = 291 - 283. Suppose -n*q = -4*q - k. What is the greatest common divisor of 6 and q?
6
Suppose -3*i + 14 - 2 = 0. Suppose 3*c - 45 = -36. Suppose i*m - c*n = 127, 4*n + n - 151 = -4*m. What is the greatest common factor of 272 and m?
34
Suppose -4*p = q + 820, -2*p - 3*p = 4*q + 1036. Let x = p - -258. What is the highest common divisor of 180 and x?
18
Let h = -21 - -28. Suppose -h*x + 0*x = -70. Suppose 23*o - 22*o = x. What is the highest common factor of o and 80?
10
Suppose 468 = 19*l - 178. Calculate the greatest common factor of l and 8534.
34
Let z(a) = -a**3 - a**2 + 3*a + 2. Let x be z(-2). Suppose 0 = y - 5*b + 3, 42 = -2*y - x*b + b. Let f = y + 39. What is the highest common factor of 176 and f?
16
Let b = 716 + -448. Let h = 424 - b. Let i = 72 + -60. Calculate the highest common factor of i and h.
12
Suppose 3*n - 2*n = -3*i + 7, -3*n - 5*i + 21 = 0. Let b(j) = -j**3 + 7*j**2 + 2*j - 12. Let z be b(n). Calculate the highest common divisor of z and 2.
2
Suppose -144 - 456 = 5*b. Let i be (-2)/(-12) + (-5020)/b. Suppose -n - x + 16 = -2, -48 = -3*n - 5*x. What is the greatest common divisor of n and i?
21
Suppose -i - 3 = -2*i. Let d be (i/2)/(6/8). Suppose -5*x - 3580 = -3590. What is the greatest common divisor of d and x?
2
Let p = -4785 - -5591. Calculate the greatest common divisor of 93 and p.
31
Suppose -7222 = -109*m - 59*m + 4538. Calculate the greatest common divisor of m and 23170.
70
Let m(o) = o + 91. Let a be m(-15). Suppose 15*j = -a + 226. What is the greatest common factor of j and 75?
5
Suppose 14 = -h - 17*n, -52*n = -5*h - 50*n + 539. What is the highest common factor of 343 and h?
7
Let k(y) = 100*y**2 - 43*y - 894. Let b be k(-19). What is the highest common factor of b and 221?
221
Suppose 0 = j - 0 + 247. Let r = j - -252. What is the highest common divisor of r and 5?
5
Suppose 3*r - 106921 = -2*n, -736*n + 106914 = -734*n - 4*r. Calculate the greatest common factor of 49 and n.
49
Let t be -5 - (2/12 - 67/6). Suppose t*z - 40 = z. What is the highest common factor of z and 8?
8
Suppose 38*y - 117627 + 13355 = 0. What is the highest common factor of y and 8?
8
Suppose -4*r - 5*j = -69, -r + 33*j = 32*j - 24. Suppose 20*f = o + r*f - 154, 3*f = -4*o + 615. What is the highest common divisor of o and 68?
17
Suppose 13*s + 85 - 111 = 0. Suppose s*q - 86 = -2*h, 3*h - 2*q - 50 = 104. What is the highest common divisor of 36 and h?
12
Let a(x) = 17*x**2 + 207*x + 50. Let w be a(-12). What is the highest common factor of w and 1610?
14
Suppose 837460 - 13035 = 35*x. What is the highest common divisor of x and 35?
35
Let i(a) = 19*a**2 + 147*a + 53. Let b be i(-8). Calculate the greatest common divisor of b and 7.
1
Let r be 19/57 + (-209)/(-3). Suppose -v = -6*v + r. Let z be 58 + (-2 - (-1 - -1)). Calculate the greatest common factor of v and z.
14
Suppose 6084*j - 6077*j - 35 = 0. What is the greatest common divisor of 1805 and j?
5
Let s(a) = a**3 + 20*a**2 - 22*a + 17. Let k be s(-21). Calculate the highest common divisor of 1653 and k.
19
Let x(i) = i**2 - 2*i. Let n be x(-1). Let p(z) = 4*z - 10. Let f be p(n). Let a be (52/(-6))/f*(4 + -19). Calculate the greatest common factor of a and 26.
13
Suppose 0 = -2*u - 5*g + 27, 0 = -5*u - 0*u + g + 81. Let o be ((-20)/(-15))/(2/(-384)). Let p = 400 + o. What is the highest common divisor of p and u?
16
Suppose -348 - 831 = -15*y + 21. What is the greatest common factor of 970 and y?
10
Suppose 4*b - 42 = -18. Suppose -r - b*c + 10*c = -13, 9 = -3*c. What is the greatest common factor of 8 and r?
1
Let l be -6*((-3)/9 - 1). Let g(q) = 2*q**2 - 4*q - 16. Let t be g(l). Calculate the greatest common divisor of t and 15.
5
Let t(m) = -59*m + 4096. Let b be t(65). Calculate the highest common factor of 405 and b.
9
Let m be (-190)/(-15) + 6/(-9). Let a be -34*((-4)/m + 43/(-6)). Calculate the greatest common divisor of a and 15.
15
Let q = -62 - -423. Suppose 0 = -357*z + q*z - 20. Suppose 0 = -3*m - m + 2*p + 108, 4*m = 4*p + 116. What is the greatest common factor of m and z?
5
Let i = 37748 - 22012. Calculate the highest common divisor of i and 112.
56
Let a = -35275 + 52700. Calculate the highest common factor of a and 85.
85
Let b(a) = 283*a**2 - 3*a. Let u be ((-4)/3)/((2/(-9))/2). Suppose 6*p + u = 6. Let i be b(p). What is the highest common factor of 26 and i?
26
Let r = 5395 - 5241. Calculate the highest common divisor of 14 and r.
14
Let d = 73204 - 33994. What is the highest common factor of d and 30?
30
Let m = 2469 - 753. Suppose 2*y - m = -4*o, 2*y = 8*o - 7*o + 1691. What is the highest common factor of 16 and y?
16
Let l = 3090 - 1940. Suppose 6 = 2*o - 4*o, 4*t - l = -2*o. What is the greatest common divisor of t and 34?
17
Suppose -k = 5*j + 3*k - 61, j - k - 5 = 0. Let c be j + 12/(-18)*9. What is the greatest common factor of c and 12?
3
Suppose 4*w - 80 = -0*w. Suppose -24*n + w*n - 160 = 0. Let c be (-2)/(-5) + (-824)/n. Calculate the highest common divisor of c and 84.
21
Suppose -2*a + 5*t = 988 - 1093, -5*a + 4*t = -305. Calculate the highest common divisor of a and 416.
13
Let q be ((-25)/((-1750)/28))/(2/(-60)). Let s(f) = -12*f + 5 + 2 - f**2 + 6. Let h be s(q). Calculate the greatest common divisor of 143 and h.
13
Let r = -4731 + 5757. Calculate the greatest common factor of r and 66.
6
Suppose -5*v = i - 88 - 52, v = -i + 148. Suppose -2795 = -623*x + 14356 + 1539. What is the highest common divisor of x and i?
30
Suppose 0 = 10*h + 25*h - 175. Let c be 4 + 0 - (3 - 3). Suppose c = 6*d - h*d. Calculate the greatest common factor of 6 and d.
2
Suppose 0 = 2*t - 3*g - 87, 8 = t - 4*g - 38. Suppose 15*l - t = 14*l. What is the greatest common divisor of 147 and l?
21
Let g = 2310 - 1408. Suppose -5*y - 2305 = -5*d, 2*d - 4*d + g = 3*y. Let b = d + -321. Calculate the greatest common divisor of 8 and b.
8
Let k(z) = 44*z + 8. Let q be k(4). Let n = -119 + 119. Suppose n = -5*i + 2*m + 123, 2*m + 15 = 2*i - 39. Calculate the highest common divisor of i and q.
23
Let u(i) = -i**3 - 7*i**2 - i - 10. Let a be u(-7). Let s be ((-216)/1)/a - 2. Let f = 16 - 2. What is the greatest common divisor of f and s?
14
Suppose 5*w - 312 = -5*z + 118, 0 = 3*z + 7*w - 266. Calculate the highest common factor of z and 777.
21
Suppose 7365 - 45734 = -32*r + 37471. What is the greatest common divisor of 30 and r?
30
Let x(w) = -19*w + 69. Let s be x(3). Calculate the highest common divisor of 42 and s.
6
Let u be (72/15)/(26/130). Let b(m) = 15*m + 4. Let x be b(4). Calculate the greatest common divisor of u and x.
8
Suppose 0 = 2*l + l - r - 3012, -4*l + 4016 = r. Suppose -1006*x + l*x + 364 = 0. Calculate the greatest common factor of 14 and x.
14
Suppose -115 + 210 = -34*s + 911. Calculate the greatest common factor of 1832 and s.
8
Let l(r) = -8*r**3 + 44*r + 90. Let g be l(-2). What is the greatest common divisor of 9174 and g?
66
Let l(x) = x**3 + 39*x**2 + 18*x - 262. Let k be l(-35). Calculate the greatest common factor of 12 and k.
12
Suppose 44*a + 999 - 7959 = -4*a. What is the greatest common factor of a and 19575?
145
Let z = -125 - -338. Suppose -218*k + 845 = -z*k. Calculate the greatest common factor of 13 and k.
13
Let s = 0 + 4. Suppose o - s*j + 10 = -4, -2*j + 6 = -o. Suppose 0 = -o*h + 78 - 22. Calculate the highest common divisor of 252 and h.
28
Suppose -w + 34 = -2*b - 3*w, w + 85 = -5*b. Let c = b - -26. Let k(g) = 11*g + 65. Let p be k(-1). Calculate the greatest common divisor of c and p.
9
Let y(x) be the second derivative of 15*x**4 - 4*x**3/3 + 2*x**2 + 100*x. Let j be y(2). What is the highest common factor of 12 and j?
12
Let b be 2/6 - 80/(-3). Suppose -3*x - 3*l + 56 = 5, 4*x + l = 53. Suppose -5*h + x = -h, z + 2*h = b. Calculate the highest common divisor of z and 7.
7
Let t(y) be the third derivative of -y**5/60 - 7*y**4/6 - 2*y**3/3 + 50*y**2 - y. Let h be t(-24). Calculate the highest common factor of 23 and h.
23
Suppose -9 = -2*l + 7. Let f be (1 - 685/(-10))*l/(-4). Let j = -125 - f. What is the highest common factor of 4 and j?
2